st derivative of f(x). Give a(w).
3
Let m(v) be the first derivative of v**4/4 + 5*v**3/3 - 7*v**2/2 - 5*v - 32. Calculate m(-6).
1
Let m(q) be the third derivative of q**6/40 - q**5/15 + q**4/6 - q**3/2 - 5*q**2. Calculate m(2).
13
Let c(l) = -l**3 - 5*l**2 - l - 4. Let h = -227 + 224. Give c(h).
-19
Let z = 42 - 40. Let a(b) = -b**2 + 4*b + b - b + 1 - z*b. Give a(3).
-2
Let u(h) = 3*h - 6. Let q be u(3). Let o(l) be the second derivative of 0 - 3/2*l**2 + 1/2*l**4 - 5*l + 1/3*l**q + 1/20*l**5. Calculate o(-5).
12
Let n be 40/(2 + -4) - -2. Let c = 11 + n. Let f(y) = y + 18. Let k(i) = 1. Let j(v) = f(v) - 6*k(v). Give j(c).
5
Let u(j) = j**3 + 5*j**2 - 2*j - 1. Let o be (-22)/5 + 14/35. Calculate u(o).
23
Let i(g) = g**2 + 3*g - 2. Suppose 0 = 4*y + w + 25, -4*y + 3*w - 15 = -y. Suppose 5*m - 19 = -9. Let j be m/(y/15) + 1. Determine i(j).
2
Let y(z) = 4*z + 5. Let c = 28 - 35. Let n(p) = -3*p - 6. Let w(h) = c*y(h) - 6*n(h). Calculate w(-1).
11
Let z(r) = r - 16. Suppose t = -3*t - 2*b + 46, -2*t + 28 = 2*b. Calculate z(t).
-7
Let j(s) = -s**3 - s**2 + 3*s + 2. Let k be j(-2). Let i(g) = 6*g - 2*g - 3 - 2*g + k + g**2. Give i(-4).
5
Let t be 2 - (2 + (1 - 4)). Suppose -7 = t*f - 4. Let x(k) be the second derivative of -3*k**5/10 + 5*k. Give x(f).
6
Let s(m) = -4 - 14624*m + 14625*m - 4*m**2 + 3*m**3 - 3*m**2 + 0*m**3. Determine s(3).
17
Let l(k) = -k. Let d(o) be the third derivative of -o**5/20 - o**4/6 + 5*o**3/6 + 11*o**2. Let j be d(1). What is l(j)?
2
Let u(j) = -j**2 + 6*j + 4. Let g be (468/(-65))/((-2)/10). Let q = -21 + g. Let l = -10 + q. Calculate u(l).
9
Let h be (-408)/(-42) - 4/(-14). Suppose h*n - 7*n + 18 = 0. Let p(y) = -y + 1. Determine p(n).
7
Let w(u) = 5*u**3 + 12*u**2 + 2*u - 1. Let k(m) = 9*m**3 + 23*m**2 + 4*m - 3. Let f(g) = 6*k(g) - 11*w(g). Give f(6).
5
Let w(a) be the third derivative of -a**6/120 + a**5/30 - a**4/24 - a**3/3 - 72*a**2 + 1. Let l be (-1 - -1) + 3 + -1. Determine w(l).
-4
Let x(t) = -5*t - 1 + 8 - 3 + 2. Let g(v) = -17 + 13*v + 3*v - 2*v. Let n(p) = 4*g(p) + 11*x(p). What is n(-5)?
-7
Let n(d) be the first derivative of -2 - 1/2*d**2 - 3*d. What is n(6)?
-9
Let k(f) = -4*f - 1. Let h be (10/(-25))/(4/20). Let o be 1*h/20*2*-5. What is k(o)?
-5
Let a(x) be the first derivative of x**2/2 - 4*x - 216. Let h be (-140)/6*(-6)/5. Suppose -2*m + 10 = f, 2*m - 5*f - h = -m. Give a(m).
2
Let p be 6/4*6/9. Let a be (6/4)/(9/(-210)*-7). Let i(j) = -a*j + p - 5*j**2 - 1 + 4*j**2. Determine i(-3).
6
Let v(u) be the second derivative of u**5/20 + 2*u**4/3 + 5*u**3/3 + 12*u**2 + 31*u. Let h be v(-7). Let z(c) = -c**2 + 4*c + 3. What is z(h)?
6
Let g = 42 + -25. Suppose -g = -4*k + 5*n, 0 = 3*k + 3*n - 2*n + 11. Let c(j) = -j**2 - 2. Give c(k).
-6
Let s(f) = 6*f**2 + 3*f + 281 + 290 + 27*f - 576. Give s(-5).
-5
Let t(b) = 3*b**2 + 71*b - 27. Let i be t(-24). Let c(g) = -4*g**2 + 4. What is c(i)?
-32
Suppose -2*c - 2*c = -40. Let y be (-5)/(-2)*16/c. Let h be (-14)/y + 2/(-4). Let o(v) = v**2 + 4*v - 5. What is o(h)?
-5
Let o(f) = -4*f + 1. Suppose 5*q = 10, -5*i - 4*q = -7 - 6. Let y be i/(1 - (-3 + 3)). What is o(y)?
-3
Let p(a) = 7*a + 4. Suppose 0 = o - 8*o + 21. What is p(o)?
25
Suppose 0*w + 63 = w. Let u(x) = x**2 + 63 - w - 5*x. Suppose -4*h + 34 = 11*g - 6*g, 2*h + 4*g = 20. Determine u(h).
6
Let y(n) = n**3 + 17*n**2 - 19*n - 13. Let a be y(-18). Let t(z) be the second derivative of z**5/20 - z**4/2 + z**3 + 2*z**2 - 4*z. Give t(a).
9
Let z(w) be the third derivative of -w**7/2520 + w**6/90 + w**5/20 - 2*w**2. Let g(r) be the third derivative of z(r). Suppose -3*y - 9 = -27. Give g(y).
-4
Let i(f) be the third derivative of f**5/60 + 7*f**4/24 - f**3/3 + 154*f**2. Give i(-7).
-2
Let t(h) = 1 + 0*h**3 - 10 + 7*h - 7*h**2 + h**3. Let l = 1735 + -1729. Calculate t(l).
-3
Let f = 2 + -1. Let s(y) = -4*y + 11*y + 0*y - 3*y**2 - 4*y - 2. Let j be s(f). Let p(u) = -u + 2. What is p(j)?
4
Let r(z) = 10*z**3 - z**2 + 2*z - 1. Suppose 2*v + 2 = 3*c, -2*c = v + 2*v - 23. Let g be (-28)/(-20) - (-1)/(-10)*c. Calculate r(g).
10
Suppose -2*k = -0*o + 2*o + 12, -2*o + 6 = -4*k. Let u be (-3)/1 - o/(5 + -2). Let x(b) = -2*b**2 - 2*b. Determine x(u).
-4
Let d be -2*2/(-5)*-5. Let o(a) = 3*a**2 - 2*a**3 - a - a + 3*a**3. Give o(d).
-8
Let w(o) = -o**2 + 9*o + 8. Suppose 2*g = 33*g - 217. Determine w(g).
22
Suppose -18*v - 18 = -15*v. Let a(n) = 11*n**3 - 15*n + 7. Let k(z) = 5*z**3 - 7*z + 3. Let c(t) = v*a(t) + 13*k(t). Calculate c(0).
-3
Let w(v) be the first derivative of -v**4/4 + 7*v**3/3 - 4*v**2 + 12*v + 136. Calculate w(6).
0
Let b be 4*(-2)/12 + (-84)/(-72). Let s(f) be the second derivative of 4*f + b*f**3 + 0 + 1/2*f**2. Determine s(4).
13
Suppose j - 6 - 9 = -2*x, -36 = -4*j - 2*x. Let f(q) = 2*q**2 + 0*q**2 - j*q**2 + 2*q + q - 5 - q**3. Give f(-5).
-20
Let v = 25 + -13. Let j(l) = 12*l - 2 - 1 + v*l - 19*l - 2*l**2. Calculate j(4).
-15
Let p(v) = -25*v**2 + v**3 + 50*v**2 + 2*v - 28*v**2 - 1. Calculate p(3).
5
Let z(a) = a**3 + a - 6. Let l(k) = k**3 - 2*k**2 + 3*k - 2. Let i be l(1). Give z(i).
-6
Let l(n) be the third derivative of n**6/120 + 2*n**5/15 + 3*n**4/8 + n**3/3 - n**2 + 123. What is l(-6)?
20
Let o(l) be the second derivative of l**4/6 + l**3/2 - 6*l**2 + 10*l - 7. Give o(2).
2
Suppose -44 = -3*b - 5*f, 0 = 2*b + 23*f - 19*f - 28. Let a(p) = -p + 11. Give a(b).
-7
Let l(y) = 17 - 6*y**2 - 30 + 0*y**3 + y**3 - 2*y**3 + 14 - 3*y. Determine l(-6).
19
Let g(f) = -685 + 230 - 2*f + 233 + 236. Determine g(6).
2
Let l(h) = 5*h**2 + 11*h + 6. Let b(d) = -8*d**2 - 19*d - 11. Let u(z) = -3*b(z) - 5*l(z). Calculate u(-2).
-5
Let y(o) be the first derivative of -17*o**4/2 + 2*o**3/3 - o - 220. Give y(1).
-33
Let n(a) = a - 5*a**2 - a**3 + 3*a**3 + a**3 - 2*a**3 + 1. Let t be (-10)/(-5)*-1 - -7. What is n(t)?
6
Let w(b) = -5*b - 3. Suppose -3*s + j = -2 - 8, -s + 10 = -2*j. Let x = 944 - 949. Let i(o) = -9*o - 7. Let h(c) = s*i(c) + x*w(c). What is h(-1)?
-6
Let w(z) be the second derivative of -z**3/6 + 3*z**2/2 + 57*z - 1. Calculate w(-3).
6
Let j = 1 - 1. Let b(v) = -v**3 + 12*v**2 + 27*v + 26. Let l be b(14). Suppose 0 = -4*w - j*w + l. Let o(a) = 2*a + 4. What is o(w)?
10
Let x(s) be the second derivative of s**4/12 - s**3/6 - s**2 + 12*s. Suppose 10*f - 2 = 11*f. Calculate x(f).
4
Let s(o) = -o**3 + 409*o - 835*o + 14 + 4*o**2 + 418*o. Calculate s(4).
-18
Suppose 45*k - 210 = 10*k. Let q(x) be the first derivative of x**5/120 - x**4/12 + 2*x**3/3 + 1. Let i(r) be the third derivative of q(r). Calculate i(k).
4
Let c(b) = b**3 - 9*b**2 - 11*b - 12. Suppose 350 = -23*w + 58*w. Give c(w).
-22
Let s(w) = -19*w**3 + w - 4*w**2 + 2*w**2 + 2 + 16*w**3 + 0*w. Let l = -335 - -337. Determine s(l).
-28
Let o = -4 + 10. Suppose -j = -3*j + o. Let z(m) = -2 + 3*m**2 + 14*m + 2*m**2 - m**j - 7*m. Calculate z(6).
4
Let f(c) = -8*c - 4. Let o be f(0). Let y(m) = -m**2 - 6*m - 1. What is y(o)?
7
Suppose -25 = -17*k + 128. Let j(s) = -s**3 + 9*s**2 + s + 13. Determine j(k).
22
Let u(a) = 1 + a - 3 - 4 + 2 - 6. Give u(-8).
-18
Let a = -3 + 6. Let f(w) = -13*w - 4*w - 6*w + 19*w - 4. Give f(a).
-16
Let x(n) = 3*n**3 - n**2 + 3*n - 2. Let t be x(1). Suppose -10 = -8*i + t*i. Suppose -i = b + b. Let o(z) = 4*z**3 + z + 1. Determine o(b).
-4
Let m(z) = -z - 5. Let o(t) = t**2 - 13*t - 25. Let q(d) = 5*m(d) - o(d). Calculate q(6).
12
Let s(c) = -c**3 + 2*c**2 - 3*c + 1. Let d(h) = h**3 - h**2 + 3*h. Let t be (-6)/21 + 92/28. Suppose t*p + 15 = 27. Let n(f) = p*d(f) + 3*s(f). Give n(-2).
-3
Suppose 23 + 17 = -10*l. Let j(z) be the third derivative of 0 + 1/24*z**4 - 3*z**2 + 0*z + 1/6*z**3. Determine j(l).
-3
Let r(q) = -278 + q + 137 + 144. Determine r(6).
9
Let r(p) = -30*p**2 + 32*p**2 - 5 - p - 3*p. Let f(y) = 24*y - 404. Let c be f(17). Calculate r(c).
11
Let o(y) = y**2 + 5*y - 10. Suppose 31*k + 88 + 98 = 0. Give o(k).
-4
Let x(k) be the third derivative of k**5/60 + k**4/24 - k**3/2 - 122*k**2. What is x(3)?
9
Let n(c) = -6*c**2 - 16*c + 9. Let h(p) = -5*p**2 - 15*p + 9. Let o(v) = -5*h(v) + 4*n(v). Suppose -3*s = 27*s + 360. Give o(s).
3
Let p be (2/4)/(6*(-4)/(-96)). Let c(u) = -37*u - p - 2 + 2 + 35*u. What is c(4)?
-10
Let z be (0/(-16))/(-2) + -1. Let v(x) = 4 - 3 + 0*x + 4*x. Give v(z).
-3
Let a(v) = v**2 +